. Suppose -2118 = -10*x - h. Let f = x + 91. Is f a prime number?
False
Let w(c) be the first derivative of 369*c**2/2 + 7*c - 2. Let x be w(5). Is 1 - x/(-5) - (-12)/(-30) prime?
False
Let q(m) = 36*m**2 + m + 21. Let r be q(-5). Suppose 0 = v - 3*v, -2*c = -5*v - r. Suppose -2*u + 4*g - c = -4*u, 3 = g. Is u a composite number?
False
Is (-830)/(-4980)*(0 + 852906) prime?
True
Let t(h) = -10198*h - 2383. Is t(-35) a composite number?
True
Let n = -68 + 71. Let z be ((-20)/5 - 52) + n. Let s = -43 - z. Is s prime?
False
Suppose 0 = 2*n - 3*i - 6, 0*i + 4 = -2*i. Suppose 6*k - 18 + 0 = n. Is (-5)/(k - -2)*-293 prime?
True
Let l = -483 - -118. Let a be (-1 + l)/(-2)*16/(-24). Let r = a - -249. Is r a composite number?
False
Let q(c) be the first derivative of 302*c**3/3 + 13*c**2/2 - 23*c - 199. Is q(2) prime?
False
Suppose 0 = -5*r + 10*r - 4*n - 2373353, 3*r = 5*n + 1424030. Is r a composite number?
True
Let l = 15881 - -48602. Is l prime?
True
Let z(p) = 1114*p**2 + 3. Let o be z(-6). Suppose -29*n = -0*n - o. Is n a composite number?
True
Let p = 81085 - 9554. Is p a composite number?
True
Suppose 0*c = -3*c + 6. Suppose -5081 = -5*u - c*k, 3033 = 3*u - 0*k - 4*k. Suppose u = 4*z + 3*z. Is z a composite number?
True
Let q be 2036/32 - 21/(-56). Suppose 33*u = q*u - 1399991. Is u prime?
True
Let h be 5 - -1*(0 + -1). Let u(b) be the first derivative of 9*b**4/2 + b**3 - 3*b**2/2 - b + 491. Is u(h) composite?
False
Let j(r) = 9558*r + 2527. Is j(14) a composite number?
True
Let k = -142 + 159. Is (-4)/(-34) + 89333/k a composite number?
True
Let l = -69573 + 299390. Is l a composite number?
True
Let n(m) = -18*m**3 - 3*m**2 - 10*m - 2. Let d be n(-3). Let y be 21/(-14) - 1226/4. Let h = y + d. Is h composite?
False
Suppose 3*n - 3*g - 180 = 0, 12*n + 2*g = 17*n - 303. Suppose 57*x = n*x - 143084. Is x a prime number?
True
Let k(a) = 31127*a - 627. Is k(2) a prime number?
True
Let v(a) = -26*a**3 + 23*a**2 - 20*a - 566. Is v(-43) prime?
False
Let o(k) = -3*k**2 + 11*k - 2. Let i be o(3). Suppose -6*d - i*d = -34810. Is d composite?
True
Let g = 36 - 54. Let m be (-28122)/(-4) + g/12. Suppose 3*z + 4 = 7, 4*s = -z + m. Is s prime?
False
Let q = 184244 - 33103. Is q prime?
True
Is (0 - -9117) + ((-35)/21)/((-15)/(-18)) composite?
True
Let z(i) = 781*i**2 - i - 14. Let n be z(-3). Let u = 133 + n. Is u composite?
False
Let l = -2181468 - -3730525. Is l prime?
False
Suppose -4*c = 3*i + c - 161, 4*i = c + 207. Let h be i - 0*4/8. Let w = 199 + h. Is w prime?
True
Let q(j) = -1871*j - 15078. Is q(-125) prime?
True
Suppose 16*m - 378683 + 88875 = 0. Is m composite?
True
Let y = 209275 - 64554. Is y a composite number?
True
Suppose 0*o = 2*o - 8, i - 20 = -4*o. Suppose j = -2*r + 300, 3*j - i*r - 1486 = -2*j. Is j composite?
True
Let w(r) = r**3 - 6*r**2 + 5*r + 5. Let x be w(5). Suppose -2*k - x*b = -39, 0 = 3*k - 2*b - 3*b - 71. Suppose -2838 = -k*v + 16*v. Is v prime?
False
Suppose -110*m + 91542 = -109*m + 7*n, -2*n - 365958 = -4*m. Is m composite?
False
Suppose 487343 = 5*r + 2*x - 1011332, 0 = 4*r + 3*x - 1198933. Is r a prime number?
False
Let d be (158/4 + (-8)/(-16))/2. Let z be (-1)/4 - (-57225)/d. Let q = z - 1380. Is q prime?
True
Let s be 12/16 - (-6238)/(-8). Let o = s - -4330. Suppose 4*x - o = -k, 0 = x + 3*k - 2*k - 884. Is x composite?
True
Let b(z) = 2*z + 14. Let p be b(-6). Suppose -4*v + 3*t = -p*v - 58, -2*v - 4*t = -30. Suppose -v = -s + 335. Is s a composite number?
True
Let g(w) = 3*w**2 - 3*w. Let n be g(2). Let f(u) = -1886*u - 175. Let q(a) = -377*a - 35. Let c(p) = 2*f(p) - 11*q(p). Is c(n) composite?
True
Let m(c) = 106*c**2 - 9*c - 10. Let n be m(-8). Suppose 4*t + d - 6856 = -3*d, 4*t - n = -2*d. Is t prime?
True
Let z(y) = 256*y - 303. Is z(16) prime?
True
Let u be (-284)/14 - (26/7 + -4). Let x be 1/4 + (-46335)/u. Let z = x + -1166. Is z composite?
False
Let c be (-2)/(-4)*210/5. Suppose 0 = 3*z + 5*x - 3 - c, 5*z - 40 = x. Suppose 3*d - z*d = -20. Is d prime?
False
Is 63097 + -3 - -6 - 5 a prime number?
False
Let i = 28 - 25. Suppose 3*c - i*h = 2*c, 0 = c - 2*h - 4. Suppose c*b = -2*b + 27286. Is b a composite number?
False
Let d = -52 + 59. Let a be (-5)/(70/(-4042)) - (-2)/d. Let j = a - 66. Is j a prime number?
True
Is 6 + (-32)/6 + 40937556/36 a prime number?
False
Let r = -39711 + 72538. Is r a prime number?
False
Let h = 49 + -50. Let b be (-2*(h - -4))/(1 + 1). Is -3*(b - 184/12) prime?
False
Suppose -7*z = -11*z - 2176. Let b = -234 - z. Suppose 0 = -6*h + 656 + b. Is h a prime number?
False
Suppose -2*c - 6*c = 16. Let u be ((-2)/5)/(c/680). Is 66/(-3)*u/(-16) composite?
True
Let f = -6769 + 61386. Is f composite?
False
Suppose -10*x = x + 15*x - 2303314. Is x composite?
False
Suppose 6*l - 63388 = 4*l - 10*s, 0 = 5*l - 3*s - 158330. Is l a prime number?
False
Suppose 0 = -29*v + 45 + 13. Suppose m + 4*t = v*m - 1761, -4*m - t = -7078. Is m a composite number?
True
Let f = 33 - 30. Suppose -3*s + f*l + 5503 + 1166 = 0, l + 11103 = 5*s. Suppose -4*g = -s + 352. Is g a composite number?
False
Suppose f = 179 - 170, 5*f = 4*y - 3102359. Is y a composite number?
False
Let m(v) = -10009*v**2 + 2*v - 5. Let b(x) = 10010*x**2 - 4*x + 5. Let y(p) = -3*b(p) - 4*m(p). Is y(-1) a composite number?
False
Let g = 402 - 399. Suppose g*h - 39499 = 8942. Is h composite?
True
Let u be (-1 - (6 + -12))*(0 + 1). Suppose 9*m - u = 13. Suppose 3033 = 11*f - m*f. Is f composite?
False
Let r(y) = -2 - y + 26 - 15 - 5*y**2 - 5*y**2 + y**3. Let k be r(10). Let n(b) = 1707*b**2 + 2. Is n(k) a prime number?
True
Suppose 0 = -3*n - 5*a - 30, -2*a = 4*n + 2*a + 48. Let j(r) = r**3 + 17*r**2 + 15*r - 24. Let f be j(n). Suppose 7*c = 4*c + f. Is c a prime number?
True
Let w = 15950 + -30. Suppose z + 4*l - 3969 = 0, 2*l - w = -4*z - 3*l. Is z a prime number?
False
Let r(x) be the first derivative of 30*x**3 + 10*x**2 - 17*x - 127. Is r(-8) a prime number?
False
Suppose 0 = 4*s - 2*x + 20, -7*s - 11 = -2*s + x. Let l(m) = 75*m - 13. Let w be l(s). Let z = 1299 + w. Is z a prime number?
True
Suppose 0 = -5*d + 129419 - 18814. Is d composite?
True
Let u be (930/(-9))/2*3. Let l = u + 594. Is l a composite number?
False
Let v be -2*3/(-6)*(-2 - -6). Suppose -2*o + 2*q = 4, -5*q + 10 = v*o - 0*q. Suppose 17*x - 13*x - 3836 = o. Is x composite?
True
Suppose 0 = 2*i + 4*u - 51218, 14*i - 2*u = 16*i - 51210. Is i a composite number?
False
Let w = 39286 + -26095. Is w prime?
False
Let w(v) = -v**3 + 2*v**2 + 5*v - 5. Let m be w(2). Suppose -2*s - 5 = m. Is ((-6)/(-1))/(-2) + (-350)/s prime?
True
Is (600378/(-564))/(3/(-3858)*1) a composite number?
True
Let h(a) = -16207*a + 1500. Is h(-23) a composite number?
True
Suppose 12 = 394*p - 390*p. Suppose 3*l - p*r = 1128, 870 = 5*l + r - 992. Is l a prime number?
True
Suppose -4*b = -3*o - 5*b + 53346, -17792 = -o + 3*b. Is o a composite number?
False
Suppose 5375 = 5*y + 2*n, -2*y + 2677 - 541 = -2*n. Suppose -2*i + r = -2914, 2*r - y = -2*i + 1853. Is i a prime number?
True
Suppose 2*n - 60 = 7*n. Let v be (10/(-6))/(4/n). Suppose 0 = -v*u - 30 + 935. Is u a prime number?
True
Suppose -2*j - 10 = -2*s - 3*j, -12 = 3*j. Suppose -n - 24 = -s*n. Suppose 0 = -6*t + n*t + 3682. Is t a composite number?
True
Is (36/(-8) + 4)/(66/(-20059644)) a prime number?
True
Let v be -4 - (-15 - (1 - 10)). Let w(q) = 2*q**2 + 9. Let c be w(8). Suppose 0 = v*l + 4*f - 178, 2*l - c - 20 = 3*f. Is l prime?
True
Suppose -169*c - 1466149 - 3404511 = -179*c. Is c a composite number?
True
Suppose 4*q - 55*p = -56*p + 439942, -2*p + 439936 = 4*q. Is q a composite number?
False
Let y = -6638 + 8496. Is y composite?
True
Let k(x) = -x**3 - 9*x**2 + 10*x + 44. Let m be k(-10). Suppose -47668 = m*n - 48*n. Is n prime?
False
Suppose 1 = 4*p - 7. Suppose -1639 = -p*h + 7987. Is h a prime number?
True
Suppose -2*b + 4*q = 10, -5*q = 5*b - 3*q - 35. Suppose -5*k = -5*d + 3*d - 558, b*d = -k + 90. Is (-1 + 308)/(22/k) a composite number?
True
Suppose 5*v - 28 + 48 = 0. Let m be (v/1)/((-6)/15). Let l = 212 - m. Is l prime?
False
Suppose 30*l = 218*l + 18*l - 24241874. Is l a prime number?
True
Suppose -8*n + 3*g = -4*n - 538943, -3*n + 404202 = 3*g. Is n a composite number?
True
Let k(c) = -1622*c**2 - 14*c - 32. Let a be k(-7)